{"id":1130,"date":"2019-08-19T12:10:16","date_gmt":"2019-08-19T15:10:16","guid":{"rendered":"https:\/\/gfarias.com\/web2\/?page_id=1130"},"modified":"2025-01-24T09:02:51","modified_gmt":"2025-01-24T12:02:51","slug":"privacidade","status":"publish","type":"page","link":"https:\/\/gfarias.com\/web\/sobre\/privacidade\/","title":{"rendered":"Pol\u00edtica de privacidade"},"content":{"rendered":"<div id=\"cs-content\" class=\"cs-content\"><div class=\"x-section e1130-e1 mve-0 mve-1 mve-2\"><div class=\"x-bg\" aria-hidden=\"true\"><div class=\"x-bg-layer-lower-image\"><\/div><\/div><div class=\"x-container max width e1130-e2 mve-5 mve-6\"><div class=\"x-column x-sm x-1-1 e1130-e3 mve-8 mve-9\"><div class=\"x-text x-text-headline e1130-e4 mve-a mve-b\"><div class=\"x-text-content\"><div class=\"x-text-content-text\"><h1 class=\"x-text-content-text-primary\">Pol&iacute;tica de privacidade<\/h1>\n<\/div><\/div><\/div><\/div><\/div><span class=\"x-separator-bottom-curve-in\" style=\"bottom: 17px; height: 40px; color: rgb(0, 102, 216);\" aria-hidden=\"true\"><svg class=\"curve-bottom-in\" style=\"fill: currentColor;\" xmlns=\"http:\/\/www.w3.org\/2000\/svg\" version=\"1.1\" viewBox=\"0 0 100 50\" preserveAspectRatio=\"none\"><path d=\"M0,50V0h50C22.4,0,0,50,0,50z\"\/><path d=\"M50,0h50v50C100,50,77.6,0,50,0z\"\/><\/svg><\/span><\/div><div class=\"x-section e1130-e5 mve-0 mve-1 mve-3\"><div class=\"x-container max width e1130-e6 mve-6 mve-7\"><div class=\"x-column x-sm x-1-1 e1130-e7 mve-8\" data-fade=\"1\" data-x-element=\"column\" data-x-params=\"{&quot;fade&quot;:true}\" style=\"opacity: 0;transition-duration: 0.5s;\"><div class=\"x-text x-text-headline e1130-e8 mve-b mve-c\"><div class=\"x-text-content\"><div class=\"x-text-content-text\"><h1 class=\"x-text-content-text-primary\">N&oacute;s respeitamos a privacidade do usu&aacute;rio de nossos servi&ccedil;os, sejam clientes ou visitantes de nosso site. Por isso &eacute; importante explicitar como procedemos em rela&ccedil;&atilde;o a dados pessoais destes usu&aacute;rios, atrav&eacute;s dos termos abaixo.\n<ul>\n<li>Os dados pessoais, como nome, email, endere&ccedil;o, s&atilde;o coletados mediante a autoriza&ccedil;&atilde;o expressa do usu&aacute;rio (opt-in).<\/li>\n<li>N&atilde;o utilizamos os dados para quaisquer outros fins que n&atilde;o os que anunciados no momento em que coletamos o dados do usu&aacute;rio.<\/li>\n<li>Qualquer altera&ccedil;&atilde;o de finalidade do uso dos dados pessoais, o usu&aacute;rio &eacute; contatado antecipadamente para concordar com a altera&ccedil;&atilde;o.<\/li>\n<li>N&atilde;o fornecemos tais dados, nem mesmo os utilizamos, para qualquer outra entidade.<\/li>\n<li>O propriet&aacute;rio dos dados, o usu&aacute;rio, sempre tem como solicitar o total apagamento de dados pessoais que estejam em nossos registros.<\/li>\n<li>O propriet&aacute;rio dos dados tamb&eacute;m sempre tem como saber que dados n&oacute;s possu&iacute;mos a seu respeito, necessitando apenas de nos solicitar informa&ccedil;&otilde;es a respeito.<br \/><br \/><strong>NEWSLETTER e REDES SOCIAIS<\/strong><\/li>\n<li>No caso de email registrado para recebimento de newsletter, o pr&oacute;prio usu&aacute;rio pode apagar o email de nossa lista, autonomamente e em car&aacute;ter definitivo.<\/li>\n<li>N&atilde;o praticamos SPAM com os endere&ccedil;os de email cadastrados em nossa newsletter.<\/li>\n<li>Os usu&aacute;rios e visitantes que nos seguirem em redes sociais s&atilde;o submetidos &agrave; pol&iacute;tica de privacidade da respectiva rede. <br \/><strong><br \/>COOKIES<\/strong><\/li>\n<li>Nosso site utiliza cookies, que s&atilde;o c&oacute;digos de identifica&ccedil;&atilde;o de visitantes.<\/li>\n<li>Esses cookies s&atilde;o armazenados no dispositivo de quem visita o nosso site ou faz cursos online em nosso campus.<\/li>\n<li>Eles servem para identificar o visitante ou usu&aacute;rio, permitindo que nosso sistema rastreie sua rota de navega&ccedil;&atilde;o em nossas p&aacute;ginas e o tempo que permanece em cada uma delas.<\/li>\n<li>Os cookies tamb&eacute;m servem para manter o usu&aacute;rio de cursos autenticados no Moodle&trade;, mesmo que navegue entre p&aacute;ginas diferentes.<\/li>\n<li>N&atilde;o fazemos uso dos cookies para obter dados pessoais de visitantes ou usu&aacute;rios.<\/li>\n<\/ul>\nPara maiores esclarecimentos, sugest&otilde;es ou reclama&ccedil;&otilde;es, entre em contato com nossa ouvidoria <a href=\"https:\/\/gfarias.com\/ouvidoria\">clicando aqui<\/a>.<\/h1>\n<\/div><\/div><\/div><\/div><\/div><\/div><div class=\"x-section e1130-e9 mve-0 mve-3 mve-4\" id=\"news\"><div class=\"x-row x-container max width e1130-e10 mve-d mve-e\"><div class=\"x-row-inner\"><div class=\"x-col e1130-e11 mve-f\"><div class=\"cs-content x-global-block x-global-block-2942 e1130-e12\"><div class=\"x-section e2942-e2 m29q-0\" id=\"newsletter\"><div class=\"x-row x-container max width e2942-e3 m29q-1 m29q-2 m29q-3 m29q-4 m29q-8 m29q-9\"><div class=\"x-row-inner\"><div class=\"x-col e2942-e4 m29q-c m29q-d m29q-e\"><div class=\"x-text x-content e2942-e5 m29q-i\"><p style=\"text-align: center;\"><span style=\"color: #808080;\">Receba <strong><span style=\"color: #333333;\">um email bimestral<\/span><\/strong> com colet\u00e2nea de novidades e nossas publica\u00e7\u00f5es com conhecimento sobre ideias, metodologias e tecnologia voltadas para Educa\u00e7\u00e3o.<br \/>\n<\/span><\/p><\/div><\/div><\/div><\/div><div class=\"x-row x-container max width e2942-e6 m29q-1 m29q-2 m29q-5 m29q-6 m29q-8 m29q-a\"><div class=\"x-row-inner\"><div class=\"x-col x-hide-sm x-hide-xs e2942-e7 m29q-c m29q-e m29q-f\"><hr class=\"x-line e2942-e8 m29q-j\"\/><\/div><div class=\"x-col e2942-e9 m29q-c m29q-g\"><div class=\"x-widget-area e2942-e10 m29q-k\"><div id=\"newsletterwidgetminimal-2\" class=\"widget widget_newsletterwidgetminimal\"><h4 class=\"h-widget\">Assine nossa newsletter<\/h4><div class=\"tnp tnp-widget-minimal\"><form class=\"tnp-form\" action=\"https:\/\/gfarias.com\/web\/wp-admin\/admin-ajax.php?action=tnp&na=s\" method=\"post\"><input type=\"hidden\" name=\"nr\" value=\"widget-minimal\"\/><input class=\"tnp-email\" type=\"email\" required name=\"ne\" value=\"\" placeholder=\"Email\" aria-label=\"Email\"><input class=\"tnp-submit\" type=\"submit\" value=\"Assinar\"><\/form><\/div><\/div><\/div><div class=\"x-text x-content e2942-e11 m29q-i\"><p style=\"text-align: center;\"><span style=\"color: #808080;\">Tratamos seu email de acordo com a <a href=\"https:\/\/pt.wikipedia.org\/wiki\/Lei_Geral_de_Prote%C3%A7%C3%A3o_de_Dados_Pessoais\" target=\"_blank\" rel=\"noopener\">LGPD<\/a>.<br \/>\nVide nossa <a href=\"https:\/\/www.gfarias.com\/privacidade\" rel=\"noopener\">pol\u00edtica de privacidade<\/a>.<\/span><\/p><\/div><\/div><div class=\"x-col x-hide-sm x-hide-xs e2942-e12 m29q-c m29q-e m29q-h\"><hr class=\"x-line e2942-e13 m29q-j\"\/><\/div><\/div><\/div><div class=\"x-row x-container max width e2942-e14 m29q-1 m29q-4 m29q-5 m29q-7 m29q-8 m29q-b\"><div class=\"x-row-inner\"><\/div><\/div><\/div><\/div><\/div><\/div><\/div><\/div><\/div>\n","protected":false},"excerpt":{"rendered":"<p>Pol&iacute;tica de privacidade N&oacute;s respeitamos a privacidade do usu&aacute;rio de nossos servi&ccedil;os, sejam clientes ou visitantes de nosso site. Por isso &eacute; importante explicitar como procedemos em rela&ccedil;&atilde;o a dados pessoais destes usu&aacute;rios, atrav&eacute;s dos termos abaixo. Os dados pessoais, como nome, email, endere&ccedil;o, s&atilde;o coletados mediante a autoriza&ccedil;&atilde;o expressa &#8230;<\/p>\n","protected":false},"author":2,"featured_media":536,"parent":970,"menu_order":0,"comment_status":"closed","ping_status":"closed","template":"template-blank-4.php","meta":{"rs_blank_template":"","rs_page_bg_color":"#ffffff","slide_template_v7":"","_joinchat":[],"footnotes":""},"class_list":["post-1130","page","type-page","status-publish","has-post-thumbnail","hentry"],"yoast_head":"<!-- This site is optimized with the Yoast SEO plugin v27.5 - https:\/\/yoast.com\/product\/yoast-seo-wordpress\/ -->\n<title>Pol\u00edtica de privacidade - GFarias Educa\u00e7\u00e3o<\/title>\n<meta name=\"robots\" content=\"index, follow, max-snippet:-1, max-image-preview:large, max-video-preview:-1\" \/>\n<link rel=\"canonical\" href=\"https:\/\/gfarias.com\/web\/sobre\/privacidade\/\" \/>\n<meta property=\"og:locale\" content=\"pt_BR\" \/>\n<meta property=\"og:type\" content=\"article\" \/>\n<meta property=\"og:title\" content=\"Pol\u00edtica de privacidade - GFarias Educa\u00e7\u00e3o\" \/>\n<meta property=\"og:description\" content=\"Pol&iacute;tica de privacidade N&oacute;s respeitamos a privacidade do usu&aacute;rio de nossos servi&ccedil;os, sejam clientes ou visitantes de nosso site. Por isso &eacute; importante explicitar como procedemos em rela&ccedil;&atilde;o a dados pessoais destes usu&aacute;rios, atrav&eacute;s dos termos abaixo. Os dados pessoais, como nome, email, endere&ccedil;o, s&atilde;o coletados mediante a autoriza&ccedil;&atilde;o expressa ...\" \/>\n<meta property=\"og:url\" content=\"https:\/\/gfarias.com\/web\/sobre\/privacidade\/\" \/>\n<meta property=\"og:site_name\" content=\"GFarias Educa\u00e7\u00e3o\" \/>\n<meta property=\"article:publisher\" content=\"https:\/\/facebook.com\/gfariasonline\" \/>\n<meta property=\"article:modified_time\" content=\"2025-01-24T12:02:51+00:00\" \/>\n<meta property=\"og:image\" content=\"https:\/\/gfarias.com\/web\/wp-content\/uploads\/2019\/07\/gfarias_logo.png\" \/>\n\t<meta property=\"og:image:width\" content=\"500\" \/>\n\t<meta property=\"og:image:height\" content=\"140\" \/>\n\t<meta property=\"og:image:type\" content=\"image\/png\" \/>\n<meta name=\"twitter:card\" content=\"summary_large_image\" \/>\n<meta name=\"twitter:site\" content=\"@gfariasonline\" \/>\n<meta name=\"twitter:label1\" content=\"Est. tempo de leitura\" \/>\n\t<meta name=\"twitter:data1\" content=\"3 minutos\" \/>\n<script type=\"application\/ld+json\" class=\"yoast-schema-graph\">{\"@context\":\"https:\\\/\\\/schema.org\",\"@graph\":[{\"@type\":\"WebPage\",\"@id\":\"https:\\\/\\\/gfarias.com\\\/web\\\/sobre\\\/privacidade\\\/\",\"url\":\"https:\\\/\\\/gfarias.com\\\/web\\\/sobre\\\/privacidade\\\/\",\"name\":\"Pol\u00edtica de privacidade - GFarias Educa\u00e7\u00e3o\",\"isPartOf\":{\"@id\":\"https:\\\/\\\/gfarias.com\\\/web\\\/#website\"},\"primaryImageOfPage\":{\"@id\":\"https:\\\/\\\/gfarias.com\\\/web\\\/sobre\\\/privacidade\\\/#primaryimage\"},\"image\":{\"@id\":\"https:\\\/\\\/gfarias.com\\\/web\\\/sobre\\\/privacidade\\\/#primaryimage\"},\"thumbnailUrl\":\"https:\\\/\\\/gfarias.com\\\/web\\\/wp-content\\\/uploads\\\/2019\\\/07\\\/gfarias_logo.png\",\"datePublished\":\"2019-08-19T15:10:16+00:00\",\"dateModified\":\"2025-01-24T12:02:51+00:00\",\"breadcrumb\":{\"@id\":\"https:\\\/\\\/gfarias.com\\\/web\\\/sobre\\\/privacidade\\\/#breadcrumb\"},\"inLanguage\":\"pt-BR\",\"potentialAction\":[{\"@type\":\"ReadAction\",\"target\":[\"https:\\\/\\\/gfarias.com\\\/web\\\/sobre\\\/privacidade\\\/\"]}]},{\"@type\":\"ImageObject\",\"inLanguage\":\"pt-BR\",\"@id\":\"https:\\\/\\\/gfarias.com\\\/web\\\/sobre\\\/privacidade\\\/#primaryimage\",\"url\":\"https:\\\/\\\/gfarias.com\\\/web\\\/wp-content\\\/uploads\\\/2019\\\/07\\\/gfarias_logo.png\",\"contentUrl\":\"https:\\\/\\\/gfarias.com\\\/web\\\/wp-content\\\/uploads\\\/2019\\\/07\\\/gfarias_logo.png\",\"width\":500,\"height\":140},{\"@type\":\"BreadcrumbList\",\"@id\":\"https:\\\/\\\/gfarias.com\\\/web\\\/sobre\\\/privacidade\\\/#breadcrumb\",\"itemListElement\":[{\"@type\":\"ListItem\",\"position\":1,\"name\":\"Home\",\"item\":\"https:\\\/\\\/gfarias.com\\\/web\\\/\"},{\"@type\":\"ListItem\",\"position\":2,\"name\":\"SOBRE\",\"item\":\"https:\\\/\\\/gfarias.com\\\/web\\\/sobre\\\/\"},{\"@type\":\"ListItem\",\"position\":3,\"name\":\"Pol\u00edtica de privacidade\"}]},{\"@type\":\"WebSite\",\"@id\":\"https:\\\/\\\/gfarias.com\\\/web\\\/#website\",\"url\":\"https:\\\/\\\/gfarias.com\\\/web\\\/\",\"name\":\"GFarias Educa\u00e7\u00e3o\",\"description\":\"Conhecimento, tecnologia e servi\u00e7os para EAD.\",\"publisher\":{\"@id\":\"https:\\\/\\\/gfarias.com\\\/web\\\/#organization\"},\"alternateName\":\"Gfarias\",\"potentialAction\":[{\"@type\":\"SearchAction\",\"target\":{\"@type\":\"EntryPoint\",\"urlTemplate\":\"https:\\\/\\\/gfarias.com\\\/web\\\/?s={search_term_string}\"},\"query-input\":{\"@type\":\"PropertyValueSpecification\",\"valueRequired\":true,\"valueName\":\"search_term_string\"}}],\"inLanguage\":\"pt-BR\"},{\"@type\":\"Organization\",\"@id\":\"https:\\\/\\\/gfarias.com\\\/web\\\/#organization\",\"name\":\"GFarias Educa\u00e7\u00e3o Ltda - EPP\",\"alternateName\":\"Gfarias\",\"url\":\"https:\\\/\\\/gfarias.com\\\/web\\\/\",\"logo\":{\"@type\":\"ImageObject\",\"inLanguage\":\"pt-BR\",\"@id\":\"https:\\\/\\\/gfarias.com\\\/web\\\/#\\\/schema\\\/logo\\\/image\\\/\",\"url\":\"https:\\\/\\\/gfarias.com\\\/web\\\/wp-content\\\/uploads\\\/2025\\\/11\\\/gfarias_sqr.png\",\"contentUrl\":\"https:\\\/\\\/gfarias.com\\\/web\\\/wp-content\\\/uploads\\\/2025\\\/11\\\/gfarias_sqr.png\",\"width\":1981,\"height\":1980,\"caption\":\"GFarias Educa\u00e7\u00e3o Ltda - EPP\"},\"image\":{\"@id\":\"https:\\\/\\\/gfarias.com\\\/web\\\/#\\\/schema\\\/logo\\\/image\\\/\"},\"sameAs\":[\"https:\\\/\\\/facebook.com\\\/gfariasonline\",\"https:\\\/\\\/x.com\\\/gfariasonline\",\"https:\\\/\\\/instagram.com\\\/gfariasonline\",\"https:\\\/\\\/linkedin.com\\\/company\\\/gfariasonline\",\"https:\\\/\\\/www.youtube.com\\\/channel\\\/UCO_0C8iIua1Be3RxelFNBPQ\"]}]}<\/script>\n<!-- \/ Yoast SEO plugin. -->","yoast_head_json":{"title":"Pol\u00edtica de privacidade - GFarias Educa\u00e7\u00e3o","robots":{"index":"index","follow":"follow","max-snippet":"max-snippet:-1","max-image-preview":"max-image-preview:large","max-video-preview":"max-video-preview:-1"},"canonical":"https:\/\/gfarias.com\/web\/sobre\/privacidade\/","og_locale":"pt_BR","og_type":"article","og_title":"Pol\u00edtica de privacidade - GFarias Educa\u00e7\u00e3o","og_description":"Pol&iacute;tica de privacidade N&oacute;s respeitamos a privacidade do usu&aacute;rio de nossos servi&ccedil;os, sejam clientes ou visitantes de nosso site. Por isso &eacute; importante explicitar como procedemos em rela&ccedil;&atilde;o a dados pessoais destes usu&aacute;rios, atrav&eacute;s dos termos abaixo. Os dados pessoais, como nome, email, endere&ccedil;o, s&atilde;o coletados mediante a autoriza&ccedil;&atilde;o expressa ...","og_url":"https:\/\/gfarias.com\/web\/sobre\/privacidade\/","og_site_name":"GFarias Educa\u00e7\u00e3o","article_publisher":"https:\/\/facebook.com\/gfariasonline","article_modified_time":"2025-01-24T12:02:51+00:00","og_image":[{"width":500,"height":140,"url":"https:\/\/gfarias.com\/web\/wp-content\/uploads\/2019\/07\/gfarias_logo.png","type":"image\/png"}],"twitter_card":"summary_large_image","twitter_site":"@gfariasonline","twitter_misc":{"Est. tempo de leitura":"3 minutos"},"schema":{"@context":"https:\/\/schema.org","@graph":[{"@type":"WebPage","@id":"https:\/\/gfarias.com\/web\/sobre\/privacidade\/","url":"https:\/\/gfarias.com\/web\/sobre\/privacidade\/","name":"Pol\u00edtica de privacidade - GFarias Educa\u00e7\u00e3o","isPartOf":{"@id":"https:\/\/gfarias.com\/web\/#website"},"primaryImageOfPage":{"@id":"https:\/\/gfarias.com\/web\/sobre\/privacidade\/#primaryimage"},"image":{"@id":"https:\/\/gfarias.com\/web\/sobre\/privacidade\/#primaryimage"},"thumbnailUrl":"https:\/\/gfarias.com\/web\/wp-content\/uploads\/2019\/07\/gfarias_logo.png","datePublished":"2019-08-19T15:10:16+00:00","dateModified":"2025-01-24T12:02:51+00:00","breadcrumb":{"@id":"https:\/\/gfarias.com\/web\/sobre\/privacidade\/#breadcrumb"},"inLanguage":"pt-BR","potentialAction":[{"@type":"ReadAction","target":["https:\/\/gfarias.com\/web\/sobre\/privacidade\/"]}]},{"@type":"ImageObject","inLanguage":"pt-BR","@id":"https:\/\/gfarias.com\/web\/sobre\/privacidade\/#primaryimage","url":"https:\/\/gfarias.com\/web\/wp-content\/uploads\/2019\/07\/gfarias_logo.png","contentUrl":"https:\/\/gfarias.com\/web\/wp-content\/uploads\/2019\/07\/gfarias_logo.png","width":500,"height":140},{"@type":"BreadcrumbList","@id":"https:\/\/gfarias.com\/web\/sobre\/privacidade\/#breadcrumb","itemListElement":[{"@type":"ListItem","position":1,"name":"Home","item":"https:\/\/gfarias.com\/web\/"},{"@type":"ListItem","position":2,"name":"SOBRE","item":"https:\/\/gfarias.com\/web\/sobre\/"},{"@type":"ListItem","position":3,"name":"Pol\u00edtica de privacidade"}]},{"@type":"WebSite","@id":"https:\/\/gfarias.com\/web\/#website","url":"https:\/\/gfarias.com\/web\/","name":"GFarias Educa\u00e7\u00e3o","description":"Conhecimento, tecnologia e servi\u00e7os para EAD.","publisher":{"@id":"https:\/\/gfarias.com\/web\/#organization"},"alternateName":"Gfarias","potentialAction":[{"@type":"SearchAction","target":{"@type":"EntryPoint","urlTemplate":"https:\/\/gfarias.com\/web\/?s={search_term_string}"},"query-input":{"@type":"PropertyValueSpecification","valueRequired":true,"valueName":"search_term_string"}}],"inLanguage":"pt-BR"},{"@type":"Organization","@id":"https:\/\/gfarias.com\/web\/#organization","name":"GFarias Educa\u00e7\u00e3o Ltda - EPP","alternateName":"Gfarias","url":"https:\/\/gfarias.com\/web\/","logo":{"@type":"ImageObject","inLanguage":"pt-BR","@id":"https:\/\/gfarias.com\/web\/#\/schema\/logo\/image\/","url":"https:\/\/gfarias.com\/web\/wp-content\/uploads\/2025\/11\/gfarias_sqr.png","contentUrl":"https:\/\/gfarias.com\/web\/wp-content\/uploads\/2025\/11\/gfarias_sqr.png","width":1981,"height":1980,"caption":"GFarias Educa\u00e7\u00e3o Ltda - EPP"},"image":{"@id":"https:\/\/gfarias.com\/web\/#\/schema\/logo\/image\/"},"sameAs":["https:\/\/facebook.com\/gfariasonline","https:\/\/x.com\/gfariasonline","https:\/\/instagram.com\/gfariasonline","https:\/\/linkedin.com\/company\/gfariasonline","https:\/\/www.youtube.com\/channel\/UCO_0C8iIua1Be3RxelFNBPQ"]}]}},"_links":{"self":[{"href":"https:\/\/gfarias.com\/web\/wp-json\/wp\/v2\/pages\/1130","targetHints":{"allow":["GET"]}}],"collection":[{"href":"https:\/\/gfarias.com\/web\/wp-json\/wp\/v2\/pages"}],"about":[{"href":"https:\/\/gfarias.com\/web\/wp-json\/wp\/v2\/types\/page"}],"author":[{"embeddable":true,"href":"https:\/\/gfarias.com\/web\/wp-json\/wp\/v2\/users\/2"}],"replies":[{"embeddable":true,"href":"https:\/\/gfarias.com\/web\/wp-json\/wp\/v2\/comments?post=1130"}],"version-history":[{"count":11,"href":"https:\/\/gfarias.com\/web\/wp-json\/wp\/v2\/pages\/1130\/revisions"}],"predecessor-version":[{"id":6412,"href":"https:\/\/gfarias.com\/web\/wp-json\/wp\/v2\/pages\/1130\/revisions\/6412"}],"up":[{"embeddable":true,"href":"https:\/\/gfarias.com\/web\/wp-json\/wp\/v2\/pages\/970"}],"wp:featuredmedia":[{"embeddable":true,"href":"https:\/\/gfarias.com\/web\/wp-json\/wp\/v2\/media\/536"}],"wp:attachment":[{"href":"https:\/\/gfarias.com\/web\/wp-json\/wp\/v2\/media?parent=1130"}],"curies":[{"name":"wp","href":"https:\/\/api.w.org\/{rel}","templated":true}]}}